 9/(-3 + (-20)/(-6))?
7
Let h(a) = -a**3 + 8*a**2 + 7. Let n be h(7). What is the tens digit of (-25)/(-10)*n/10?
1
Suppose 3*r = 3*n + 342, -156 = -r + 5*n - 42. What is the units digit of r?
4
Let c be 16 - (-2 + -1) - 3. Suppose 4*q = c - 4. What is the units digit of q?
3
Let n(z) = z**2 - 3*z + 3. Let l be n(12). Suppose 5*x - 95 - 42 = -4*o, 3*o + x - l = 0. What is the units digit of o?
8
What is the units digit of (2096/4)/(1 + 4/4)?
2
Let r(s) = 12*s**2 + 7*s. What is the units digit of r(2)?
2
Suppose 5*c - 12 = 4*f - 5*f, -2 = -c. Suppose 0 = -2*q + j + 34, -2*q - f*q = 2*j - 84. What is the tens digit of q?
1
Let w be -3 - -6 - 1/1. Suppose -6 - w = -4*s. Suppose -2*u - 15 = -5*q - 5, 2*u - 3*q = -s. What is the units digit of u?
5
Let k = 0 - 0. Let p = k + 2. Suppose 2*m - 28 = -p*m. What is the units digit of m?
7
Let q(o) = o**2 + 5*o. Let d be q(-6). Let v = 18 - d. What is the tens digit of v?
1
Suppose -180 = -0*k - k. Suppose -5*g - u = -k, -3*g - 144 = -7*g - 2*u. Suppose 4*t + 2*d = g, 3*t + 0*d - 29 = -2*d. What is the units digit of t?
7
Suppose -4*j - 116 - 113 = -5*f, -3*j + 87 = 2*f. What is the units digit of f?
5
Suppose 0*u - 622 = -2*u. What is the hundreds digit of u?
3
What is the units digit of 1 + 0 + (-1)/((-4)/4)?
2
Let p be 5/2*-2 - -1. Let q(v) = -v**3 - 3*v**2 - v + 2. What is the units digit of q(p)?
2
Let x = 197 + -143. What is the units digit of x?
4
Let i be 4 - (-1 + -2 - -2). Suppose i*n = 52 + 3. What is the units digit of n?
1
Suppose -3*b + 5*q = -25, 0 = 2*q - 3 + 13. Let a = -13 + 15. Suppose 5*d + 4*j - 27 = b, 0 = -d - a*d + 5*j - 6. What is the units digit of d?
3
Suppose -3*k - i + 106 = 0, 5*k = 5*i + 74 + 76. Suppose w = -0*w + 5*q + k, 4*w - 136 = 2*q. What is the units digit of w?
4
Let q = -17 - -32. What is the units digit of q?
5
Suppose 28 = 4*d + 100. What is the units digit of 14/(-4)*d/21?
3
Let f be 156/(-18) + (-1)/3. Let j = f + 11. What is the units digit of j?
2
Let h(r) = -2 - 3*r - 3*r + r. Suppose -2*x - 12 = 4*b - 0*b, 0 = 5*x + 5*b + 20. What is the units digit of h(x)?
8
Let t = -8 + 18. Suppose 2*j + 0*j - t = 0. Suppose 0*a + j*z - 75 = -5*a, 30 = a + 4*z. What is the units digit of a?
0
Suppose -4*r + 54 = -2. What is the units digit of r?
4
Let m = -5 - -8. Let v(r) = -2*r**3 + 3*r**2 + r - 4. Let i be v(m). Let q = -20 - i. What is the units digit of q?
8
Let a(b) = -b**2 + 3*b + 2. Let p be a(3). Suppose 5*j + 3 = 2*f, p*f = 4*j - 2*j. What is the tens digit of (3 - 2)/(f/(-21))?
2
Let z = -73 - -125. What is the units digit of z?
2
Let b(t) = 27*t**3 + t**2 + t + 1. Let k be b(-1). Let i = 15 + k. Let x = i - -16. What is the units digit of x?
5
Let v(g) be the first derivative of 11*g**4/2 + g**2/2 - g + 5. What is the units digit of v(1)?
2
What is the hundreds digit of (-6)/(-21) + (-1480)/(-14)?
1
Suppose 0 = 4*w - 27 - 13. Suppose 0 = -3*o + w + 8. Suppose -39 = 3*g - o*g. What is the units digit of g?
3
Let m = -50 - -70. What is the units digit of m?
0
Suppose 2*f - 177 = -5*s - 64, -5*s = f - 114. Let z = s - 35. Let x = 21 + z. What is the units digit of x?
9
Let y = -2 + -2. Suppose -4*h + h = -27. What is the units digit of (-24)/h*6/y?
4
Let o(x) = -2*x**3 + x**2 + x + 51. What is the tens digit of o(0)?
5
Let m = -579 - -843. What is the tens digit of m?
6
Suppose 0 = 5*p - 3 - 12. Suppose -p*u - 51 = -6*u. What is the tens digit of u?
1
Suppose 5*q + 58 = -0*q - 3*y, q - 3*y = -8. Let k(m) = -m**3 - 11*m**2 + 8. What is the units digit of k(q)?
8
Suppose -3*i - 2 = -r - 7*i, 0 = 2*i. Suppose 2*m = -r*m - 4. What is the tens digit of (m - -3)*(10 - 1)?
1
Suppose 3*g = -2*g + 5. Let h be (g - -1)*(-20)/(-8). Suppose h*f - 60 = 5*d, f + 2*d - 12 = 5*d. What is the units digit of f?
2
Let s = -4 - -2. What is the units digit of -1 + 1 + 9 + s?
7
Let z(n) = n**2 - 12*n + 15. Let x be z(11). Let k be 19/2 + 2/4. Suppose 3*c - x*m = -2*c + 19, 2*c = m + k. What is the units digit of c?
7
Let g be ((-48)/40)/(6/20). What is the units digit of g/(-18) + (-70)/(-9)?
8
What is the units digit of -72*(9/(-6) + 1)?
6
Suppose 3*l - 4*v + 2 = 30, -8 = -4*l - 2*v. What is the tens digit of (-2)/(1*l/(-30))?
1
Let q(l) = l + 3. Let o be q(3). What is the units digit of 17/((-2)/o*-3)?
7
Let k(h) = -3*h**3 - 2*h**2 + h + 2. Let t be k(2). Let n = t + 49. What is the tens digit of n?
2
Let j be 2/10 + (-18)/(-10). Suppose -4*w - 44 = -j*s - 2*s, 2*w = -10. What is the units digit of s?
6
Let r = -6 + 6. Suppose 0 = -r*i - 2*i + 6. Suppose 40 = 2*d + i*d. What is the units digit of d?
8
Suppose 0*u + 2 = -u. Let y = u - -15. What is the units digit of y?
3
Let v(i) = 41*i - 6. Let r be v(-6). What is the units digit of (r/27)/((-4)/6)?
4
Suppose 4*a + 52 = 6*a. What is the units digit of a?
6
Suppose -j = j - 24. Suppose 3*z - j = -0*z. What is the units digit of z?
4
Let z(r) = -4*r - 3. Let c be (3/5)/(1/(-5)). What is the units digit of z(c)?
9
Let n(q) = -q - 2. Let w be n(-7). Let f = -5 + w. Suppose f = -5*z + 4*z + 3. What is the units digit of z?
3
Let n(a) = a**3 - 3*a**2 + 8*a + 6. Let l be n(5). Suppose 0 = -c - 3*c + g + l, 4*c = -5*g + 96. What is the units digit of c?
4
Suppose -3*n + 4*z = -118, z + 128 = 4*n + 3*z. What is the units digit of n?
4
Let s(f) be the first derivative of f**3/3 + f**2/2 - 1. Let h be (-4 - -3) + -1 - -4. What is the units digit of s(h)?
6
Suppose -2*z = -y + 197, -8 - 4 = -4*z. What is the hundreds digit of y?
2
Let k = 40 - 9. Let q = k - 21. What is the tens digit of q?
1
Suppose 2 = -l + 15. What is the units digit of l?
3
What is the units digit of ((-48)/15)/((-3)/15)?
6
Let f(h) = -5*h. Let m be f(-2). Suppose -4*j = -5*k - 17 - 15, -2*j = 4*k + 10. Suppose -8*x + j*x + m = 0, -5*u + 4*x + 27 = 0. What is the units digit of u?
7
Let y(c) = c - 4. Let r be y(7). Let i(t) = r*t + 8*t - 2*t + t. What is the tens digit of i(2)?
2
Let u = 336 + -173. What is the units digit of u?
3
Suppose -4*h + 2*x + 118 = 0, -4*x = 5*h + x - 155. Let v = h + -9. What is the units digit of v?
1
Suppose 3*b - 134 = -5*h + 50, 3*h = 3*b - 216. Let f = b - 41. What is the units digit of f?
7
Suppose -15*n + 10*n + 970 = 0. What is the units digit of n?
4
Let m(c) = -12*c - 5. Let t(j) = -8*j - 3. Let n(f) = -5*m(f) + 8*t(f). Let i be n(1). Let p = 9 + i. What is the units digit of p?
6
Suppose -31 = -h + 5*l, -5*h = -4*h - l - 47. Suppose -4*y = -h + 3. What is the tens digit of y?
1
Let r be (0/(-2))/(2 + 0). Suppose 5*t + r*c + 5*c - 75 = 0, -22 = -2*t + 2*c. What is the tens digit of t?
1
Let i(v) = 7*v - 1. Let g be i(1). Let z = g + 0. What is the units digit of z?
6
Let i(p) = p**3 + 4*p**2 - 1. Let j(n) = -n**3 + 9*n**2 - 8*n - 3. Let l be j(8). Let q be i(l). Suppose 4*b = 3*b + q. What is the units digit of b?
8
Let s be 1/(-2)*(-7 + 3). Let b = s + 0. Suppose 2*r + b*t - 12 = 0, -5*r - 2*t + 57 = -6*t. What is the units digit of r?
9
Let v = -4 + -1. Let f = -4 + 6. What is the units digit of (f/2)/((-1)/v)?
5
Let s be (15/(-12))/(2/(-8)). Suppose -s*a - 7*n + 145 = -2*n, 4*n + 156 = 4*a. What is the units digit of a?
4
Let p = -5 - -9. Suppose 0 = -p*a - 4*u + 2 + 6, -5*u - 14 = a. What is the units digit of a?
6
Let s(k) = -k**2 - 8*k + 10. Let r be s(-9). What is the units digit of (-11 - r)*3/(-2)?
8
Let i = -2 - 4. What is the tens digit of (52/(-6)*i)/2?
2
Let l be 2/10 + (-132)/(-15). Suppose -4*f - 27 = l. What is the units digit of (16/(-12))/(2/f)?
6
Suppose 2*g - 2*i = 14, 7*g - 3*i = 2*g + 35. Let w = g + -2. Suppose -2*j = 3*j - w. What is the units digit of j?
1
Suppose -15*l = -11*l - 276. What is the units digit of l?
9
Suppose 8 = -t + 5*u - 10, -8 = -2*u. What is the units digit of t?
2
What is the units digit of (48/10)/((-9)/(-30))?
6
Suppose b = 2*b. Suppose 87 = 4*q - 3*l, 2*q - 3*l + 0*l - 39 = b. What is the tens digit of q?
2
Let c(v) = -14*v - 58. What is the tens digit of c(-17)?
8
Let s(l) = l**2 - 10. What is the tens digit of s(-6)?
2
Let m = 173 + -103. What is the units digit of m?
0
Let n(s) = -9*s + 2*s**2 + 9 + 0*s**2 - s**2. Let v be n(8). What is the units digit of 10 + -3 - (v + -2)?
8
Let f be 603/(-21) + 2/(-7). Let n = 16 + -35. Let c = n - f. What is the tens digit of c?
1
What is th